of 1402518 and 234?
78
What is the highest common divisor of 2244 and 653412?
204
What is the highest common factor of 12552 and 60?
12
What is the greatest common divisor of 732065 and 155?
155
Calculate the highest common factor of 299 and 353015.
13
Calculate the greatest common factor of 195 and 779181.
39
Calculate the highest common factor of 1126174 and 84.
14
What is the highest common factor of 125011 and 10907?
839
What is the highest common divisor of 1595 and 104280?
55
What is the greatest common divisor of 64 and 13096?
8
Calculate the greatest common factor of 22 and 1729871.
11
What is the greatest common factor of 8052667 and 1939?
1939
Calculate the highest common divisor of 2266 and 106914.
206
What is the greatest common divisor of 5103 and 5859?
189
What is the greatest common divisor of 190429 and 265?
53
What is the greatest common factor of 120 and 54645?
15
Calculate the greatest common divisor of 4606 and 62867.
49
What is the greatest common divisor of 529 and 197156?
23
What is the highest common divisor of 217 and 547119?
31
What is the greatest common factor of 9058 and 4?
2
What is the greatest common factor of 77763 and 63?
21
Calculate the highest common divisor of 97749 and 72.
9
Calculate the highest common factor of 182183 and 23.
23
What is the greatest common factor of 1894748 and 906?
302
Calculate the greatest common divisor of 368603 and 913.
83
What is the highest common divisor of 863200 and 200?
200
Calculate the greatest common divisor of 416565 and 315.
45
Calculate the greatest common divisor of 315771 and 3142.
1571
What is the greatest common factor of 8086 and 624?
26
Calculate the highest common factor of 1643 and 651.
31
What is the greatest common divisor of 87504 and 16?
16
What is the greatest common divisor of 25086 and 453?
3
Calculate the highest common divisor of 96837 and 195.
39
Calculate the greatest common factor of 78782 and 4.
2
Calculate the highest common divisor of 2020 and 320.
20
Calculate the highest common factor of 67980 and 5115.
165
What is the highest common factor of 114 and 2175158?
38
Calculate the highest common divisor of 1573 and 2145.
143
Calculate the highest common factor of 27195 and 140.
35
Calculate the greatest common factor of 95 and 99685.
5
Calculate the greatest common divisor of 29 and 330832.
29
Calculate the highest common divisor of 32 and 1982176.
32
What is the greatest common factor of 46 and 4426?
2
Calculate the greatest common factor of 256 and 6824.
8
Calculate the greatest common divisor of 7 and 327881.
1
Calculate the greatest common factor of 53273 and 58.
29
Calculate the greatest common divisor of 716 and 20764.
716
Calculate the greatest common factor of 83 and 91549.
83
Calculate the highest common divisor of 267 and 266199.
267
What is the highest common divisor of 45 and 73152?
9
What is the highest common divisor of 88 and 16873?
1
What is the highest common factor of 360449 and 4636?
1159
What is the greatest common factor of 59250 and 6?
6
What is the highest common factor of 3 and 7149?
3
Calculate the greatest common divisor of 95024 and 624.
16
Calculate the highest common divisor of 1397 and 186802.
11
Calculate the greatest common factor of 1128 and 21855.
141
What is the greatest common divisor of 133 and 84569?
19
What is the greatest common divisor of 105208 and 8?
8
What is the greatest common factor of 11303 and 4539?
89
What is the highest common divisor of 130 and 72345?
65
Calculate the highest common factor of 1888 and 450996.
236
Calculate the greatest common divisor of 63 and 143472.
21
What is the highest common divisor of 2583780 and 320?
20
What is the greatest common divisor of 11073 and 3?
3
What is the greatest common divisor of 182 and 12974?
26
What is the greatest common divisor of 87 and 376072?
29
What is the highest common factor of 6254 and 34574?
118
Calculate the greatest common factor of 610883 and 2401.
343
What is the highest common factor of 630790 and 10?
10
Calculate the greatest common divisor of 472 and 400.
8
Calculate the highest common factor of 21 and 15162.
21
What is the highest common divisor of 231 and 13783?
77
What is the greatest common divisor of 403 and 443742?
13
Calculate the highest common factor of 3020 and 6860.
20
Calculate the greatest common divisor of 132551 and 332.
83
What is the highest common factor of 9 and 116652?
3
What is the greatest common factor of 93 and 1332969?
93
Calculate the greatest common factor of 73129 and 12469.
337
Calculate the highest common divisor of 6162 and 26.
26
What is the highest common divisor of 83922 and 18318?
426
What is the greatest common divisor of 3890 and 80?
10
Calculate the highest common divisor of 264 and 768.
24
Calculate the greatest common divisor of 83603 and 401011.
1417
Calculate the highest common factor of 216730 and 10.
10
What is the greatest common factor of 557495 and 40?
5
Calculate the highest common factor of 93520 and 7.
7
Calculate the highest common factor of 156320 and 55689.
977
Calculate the greatest common divisor of 910 and 661505.
65
What is the greatest common divisor of 147 and 61593?
147
What is the greatest common divisor of 389301 and 18612?
1551
Calculate the highest common factor of 165248 and 7808.
128
Calculate the greatest common divisor of 2774545 and 643.
643
What is the highest common divisor of 1239 and 1121?
59
What is the highest common divisor of 341 and 56885?
31
What is the highest common factor of 3740 and 77979?
187
Calculate the highest common divisor of 6429 and 3.
3
What is the highest common divisor of 94275 and 225?
225
What is the greatest common divisor of 1152 and 1704?
24
What is the highest common factor of 952 and 13447?
119
Calculate the greatest common divisor of 57157 and 61.
61
What is the greatest common divisor of 5208 and 1767?
93
Calculate the highest common divisor of 39479 and 10175.
407
Calculate the highest common factor of 1162 and 448.
14
Calculate the greatest common divisor of 36 and 2152620.
36
What is the highest common divisor of 325374 and 56?
14
Calculate the highest common divisor of 7876 and 2662.
22
Calculate the highest common divisor of 278 and 119679.
139
Calculate the highest common factor of 3668645 and 580.
145
Calculate the highest common factor of 830864 and 32.
16
What is the highest common divisor of 460 and 11212?
4
What is the highest common factor of 102941 and 35417?
331
Calculate the highest common divisor of 28270 and 220.
110
Calculate the greatest common factor of 49855 and 295.
295
Calculate the highest common factor of 309810 and 11730.
690
Calculate the greatest common divisor of 109495 and 295.
5
What is the highest common factor of 2750 and 9196?
22
What is the greatest common divisor of 550 and 1298?
22
Calculate the greatest common divisor of 1245 and 15936.
249
What is the greatest common divisor of 1237025 and 5?
5
Calculate the greatest common factor of 1710804 and 12.
12
What is the highest common divisor of 397813 and 28613?
923
Calculate the highest common divisor of 16 and 39212.
4
What is the highest common factor of 1714895 and 182?
91
Calculate the greatest common divisor of 194 and 12391556.
194
Calculate the greatest common factor of 62415 and 431357.
1387
Calculate the greatest common factor of 172 and 22747.
43
Calculate the greatest common divisor of 21294 and 25956.
126
Calculate the greatest common divisor of 1896 and 58302.
474
Calculate the greatest common divisor of 27 and 679914.
27
What is the highest common divisor of 5593236 and 11?
11
What is the highest common factor of 1522318 and 388?
194
What is the greatest common divisor of 78048 and 288?
288
Calculate the highest common divisor of 1425 and 174705.
285
Calculate the highest common divisor of 192 and 112152.
24
What is the highest common factor of 4392 and 81?
9
Calculate the highest common factor of 420714 and 588.
294
What is the highest common divisor of 320 and 768?
64
Calculate the greatest common divisor of 1342 and 1187.
1
What is the highest common factor of 148335 and 174?
87
What is the highest common factor of 154693 and 574?
287
Calculate the greatest common factor of 975 and 19275.
75
What is the highest common divisor of 